Suppose w = -34 + t. Calculate the greatest common divisor of w and j.
16
Let n(m) = 16*m - 99. Let z be n(27). Let t = -306 + z. Calculate the greatest common divisor of 27 and t.
27
Let z = 26 - -79. Let k be 720/z*2*7/2. Calculate the greatest common divisor of 312 and k.
24
Suppose 128 + 252 = 19*x. Let w(k) = k**3 - k**2 + 2*k - 1. Let l be w(1). Let g = 4 + l. What is the highest common divisor of x and g?
5
Suppose 3*p + 3*y = 270, 245*p - 3*y - 270 = 242*p. Calculate the highest common factor of 1125 and p.
45
Let m be (-3468)/(-8) + (-6)/(-4). Suppose -6*q + q = -5*i - m, 5*i + 465 = -5*q. Let p = i + 102. What is the greatest common divisor of 30 and p?
6
Let y be 11 - (-1 + (-2)/(-2)). Suppose 62*i + 7934 = 15436. What is the highest common factor of y and i?
11
Suppose 292*c = 69863 + 74677. What is the highest common factor of c and 275?
55
Suppose -2*g = c - 5*g - 4, -4 = c - 5*g. Suppose 3*s - c = -s. Suppose s*b = -h + 51, 5*b + 1 - 49 = 4*h. Calculate the highest common divisor of b and 24.
12
Suppose 0 = 69*z - 65*z - 100. Suppose z*g = 16*g + 378. What is the greatest common factor of g and 273?
21
Suppose 3*x - 7*m - 9657 = -4*m, 5*x = -4*m + 16068. Calculate the highest common divisor of 432 and x.
48
Suppose 5*s + 3 = 23. Suppose 4*h = 4*q + 16, 75 - 73 = -2*q. Suppose 51*g = 54*g + 3*a - 27, -4*g + h*a = -15. What is the highest common factor of g and s?
2
Suppose -28 = -2*c - 0*c. Suppose d - 2 = -2*p - 0, -2*p = -5*d + 10. What is the greatest common divisor of c and d?
2
Let d(l) = 21*l**2 + 479*l - 20. Let a be d(-23). Calculate the highest common divisor of 1116 and a.
36
Let d be (3 - -1 - 15/(-2))*(-68)/(-1). Calculate the highest common divisor of d and 119.
17
Let y be 2/6 + 161/3. Let i be (-1800)/(-3) - 3 - 45/(14 + 1). Calculate the greatest common factor of i and y.
54
Let v = 28 - 28. Suppose b - 47 = -5*n, -2*b + v*n + 99 = 5*n. Calculate the highest common factor of 4 and b.
4
Suppose -17*k - 441 = -29*k + 363. Calculate the greatest common factor of 2479 and k.
67
Let c be (-16)/24 - 3/((-81)/189693). What is the greatest common factor of c and 50?
25
Suppose 81*w - 2605 - 311 = 0. Let m be -3 + (-1 + 1)/(-3). Let n = m - -7. What is the highest common divisor of n and w?
4
Let o be (-525)/14 - 2/4. Let p = o - -42. Suppose -p*d + 2 = -2. What is the highest common factor of d and 1?
1
Suppose 4*t - 9 = -w, 52*w = 50*w + 4*t + 6. Suppose -4272 = -3*b + 10*j - 7*j, -4*j = w*b - 7129. What is the greatest common factor of 57 and b?
57
Suppose 0 = -3*g - 3, -47 = w - 5*w - 5*g. Suppose 2*k - 34 = 16*q - w*q, -5*k + 5*q = -95. What is the greatest common divisor of 23 and k?
23
Suppose 7*q = 3*q - 508. Let w = q - -297. What is the greatest common factor of 10 and w?
10
Let o(n) = 26*n + 1. Let q be o(1). Let f be 4/6*(12 - 18). Let w(r) = 3*r**2 - 18*r - 93. Let l be w(f). What is the greatest common factor of q and l?
27
Suppose 24*w - 27*w = 2*a - 84, 2*w = 4*a - 200. Let r = a - 11. What is the highest common divisor of 333 and r?
37
Let t = -498 + 518. What is the greatest common factor of t and 740?
20
Suppose 8 = -n + 3*c + 27, c = 2*n - 23. Suppose -11 = -z + l, -2*z - 6*l + 9 - 59 = 0. Calculate the greatest common factor of z and n.
2
Let h(j) = -8*j - 5. Let k be h(-21). Let c = k + -123. Calculate the highest common divisor of 10 and c.
10
Suppose -4*s + 9418 = t, 18071 = 5*t - 4*s - 28899. What is the greatest common divisor of t and 74?
74
Let z(y) = y**3 + 77*y**2 - 9*y - 587. Let u be z(-77). What is the greatest common divisor of u and 318?
106
Let c be -2 - (-2)/((-6)/(-237)). Let b be 4/(-14) - (12/(-42) - -6). Let i be (110/25)/(b/(-15)). Calculate the highest common factor of i and c.
11
Suppose 4*c + 74 = 6, -p - 2*c = 3*c - 68. Let f(h) = 0*h + h**2 - 3 + 3*h**2 + h**3 - 5*h. Let w be f(-4). Calculate the greatest common factor of w and p.
17
Suppose r - 20109 = -d, -4*d - 837*r + 836*r + 80451 = 0. What is the highest common divisor of d and 452?
226
Let d(r) be the first derivative of -r**4/4 + 17*r**3/3 + 20*r**2 + 13*r - 29. Let o be d(19). Calculate the greatest common factor of 34 and o.
17
Let d = 103 - 48. Let w(q) = -11*q**2 + 4*q - 35. Let o be w(6). Let t be ((-4)/1)/(148/o). What is the highest common factor of d and t?
11
Let r(u) = -9*u**2 + 239*u - 327. Let a be r(25). Suppose -1104 = -3*g + 4*j, -g + 2*g - 4*j - 368 = 0. What is the highest common factor of g and a?
23
Let g be 20724/55 - (0 - (-1)/(-5)). Let l = 160 - 131. Calculate the greatest common factor of l and g.
29
Let q be (-4)/(-10)*(31 + -6). Suppose 0 = q*r + 43 + 417. Let w = 59 + r. Calculate the greatest common divisor of 117 and w.
13
Suppose -y = -3*o + 142, 38 = 6*o - 5*o - 5*y. Let q = -35482 + 35938. What is the highest common divisor of o and q?
24
Let x(g) = 2*g**2 + 32*g + 8. Let p be (4/(-10))/((-75)/(-3750)). Let u be x(p). What is the greatest common factor of u and 63?
21
Suppose -3*a - 19*a + 924 = 0. Suppose 5*i + 17 - 87 = 5*k, -2*i + 20 = -4*k. What is the greatest common divisor of i and a?
6
Suppose -k - k + 216 = 0. Suppose -8*w = -2*s - 6*w, 5*s = -w. Suppose -5*v + 4*m = -80, -v - 4*m + s*m = 8. What is the highest common factor of k and v?
12
Suppose 4*w = -2*z + 256, 207*w = 205*w - 2*z + 130. Calculate the highest common factor of w and 427.
7
Let t = 10018 + -8866. What is the greatest common factor of t and 738?
18
Suppose 39 = -8*v + 11*v. Suppose 12*z - 130 = 10*z. Calculate the greatest common divisor of z and v.
13
Let g(v) = 47*v**2 - 116*v + 47. Let w be g(-18). Calculate the greatest common factor of w and 179.
179
Let j = -48890 + 73915. Calculate the greatest common divisor of 286 and j.
143
Let i(a) = -4*a**2 - 239*a + 1659. Let n be i(-66). Let h(o) = o**3 + 8*o**2 + 8*o + 10. Let b be h(-7). What is the greatest common factor of b and n?
3
Let g be 6*-15*5/(-10). Suppose g = -218*h + 223*h. Let f = 112 - 67. Calculate the highest common divisor of f and h.
9
Let p = 441 + -144. Suppose -413 = -10*b + p. Suppose -13*y - b = -799. What is the highest common divisor of 8 and y?
8
Let t(l) = 571*l**3 + l**2 + 39*l - 86. Let q be t(2). Calculate the highest common divisor of 56 and q.
28
Suppose 15751 = -20*t + 99271. Calculate the greatest common factor of 80 and t.
16
Suppose -2697*s - 1708 = -3124*s. Let t(b) = b - 2. Let k be t(6). Suppose k*u + 29 = 93. Calculate the highest common factor of u and s.
4
Suppose -2*z + 5*k + 46 = 0, -3*z - 2*k = -z - 32. Suppose 0 = -2*d + 2*n + 44, 6*d - 7*d - 3*n = -42. Calculate the highest common divisor of d and z.
9
Let o(f) = -f**3 + 25*f**2 - 141*f + 18. Let b be o(16). Suppose 0 = -2*y + 4*y - 66. What is the highest common factor of b and y?
33
Let t be 115 - (-1)/2*-2. Suppose -991*g + 1760*g = 13842. What is the highest common divisor of t and g?
6
Let j be (-1 + 2)/(1/(-10)). Let l be ((-24)/j)/((-180)/(-4800)). Calculate the greatest common factor of 48 and l.
16
Let g(u) = u**3 - 13*u**2 + 32*u + 166. Let w be g(8). Calculate the highest common factor of 15 and w.
3
Let f be ((-18)/(-3))/((-192)/(-4480)). What is the greatest common factor of f and 100?
20
Let u = 19 - -9. Suppose -5*y + 3*q + 149 = 0, 4*y - 7*q + 5*q = 118. Let x(i) = 2*i - 14. Let d be x(y). Calculate the greatest common divisor of u and d.
14
Let u = 7 + 1. Let o be ((5 + 1)/18*0)/1. Suppose o = 15*b - 26*b + 704. Calculate the greatest common divisor of b and u.
8
Let g = 10064 + -9763. Calculate the greatest common divisor of 1978 and g.
43
Suppose -195 = -7*s + 4*s - 3*b, 4*s + 5*b = 258. Calculate the highest common factor of 11 and s.
1
Suppose -1960 = -192*d + 172*d. Calculate the greatest common factor of 287 and d.
7
Let s(h) = 37*h - 20. Let p be s(-10). Let x = p - -455. Calculate the greatest common divisor of x and 13.
13
Let f be -1 + 90/2 + -3. Let m = -35 + f. Suppose 2*l - 40 = -3*i, 3*i - 7*l - 25 = -m*l. What is the highest common factor of i and 110?
10
Let q = 113 - 47. Let x be (-10 - q/(-9))/((-4)/18). What is the greatest common divisor of x and 84?
12
Let p(g) = 2*g**2 + 14*g - 23. Let z be p(-11). Suppose z*i = 62*i + 162. What is the greatest common factor of i and 36?
18
Let j be 7/28 - 3/4 - (-114108)/8. Calculate the